{"id":15,"date":"2016-03-14T16:30:45","date_gmt":"2016-03-14T15:30:45","guid":{"rendered":"https:\/\/amazonkikolumna.pl\/?page_id=15"},"modified":"2016-04-28T20:44:11","modified_gmt":"2016-04-28T18:44:11","slug":"historia","status":"publish","type":"page","link":"https:\/\/amazonkikolumna.pl\/index.php\/historia\/","title":{"rendered":"Historia"},"content":{"rendered":"<p>Stowarzyszenie Amazonek \u0141ask-Kolumna istnieje od 2004 roku.<\/p>\n<p>Pierwszym jego prezesem by\u0142a Otylia Pietrasiak, kt\u00f3ra funkcj\u0119 t\u0119 sprawowa\u0142a do 2008 roku.\u00a0Potem kr\u00f3tko funkcj\u0119 prezesa pe\u0142ni\u0142a\u00a0 Mariola Bobrycka, nast\u0119pnie Gra\u017cyna Wyr\u0119bska.<\/p>\n<p>Od 2010 roku prezesem jest Gra\u017cyna \u015aled\u017a.<br \/>\nW dniu 14 kwietnia 2016 roku odby\u0142o si\u0119 walne zebranie sprawozdawczo-wyborcze, na kt\u00f3rym wybrano nowy zarz\u0105d.<\/p>\n<p>Aktualny sk\u0142ad zarz\u0105du stowarzyszenia;<br \/>\nPrezes \u2013 Gra\u017cyna \u015aled\u017a<br \/>\nWiceprezes \u2013 Jolanta Ku\u015bmirowska<br \/>\nSekretarz \u2013 Ewa Du\u0144ska-Stemplewska<br \/>\nSkarbnik \u2013 Wies\u0142awa Lider<br \/>\nCz\u0142onek zarz\u0105du\u00a0\u2013 El\u017cbieta Kasprzykowska<\/p>\n<p>Od 2004 r. do 2015 r. siedziba Stowarzyszenia mie\u015bci\u0142a si\u0119 w \u0141asku-Kolumnie przy ul. \u015al\u0105skiej 3.<\/p>\n<p>Od roku 2015\u00a0\u00a0\u00a0 mamy now\u0105 siedzib\u0119 w Przedszkolu Pa\u0144stwowym Nr 4 w \u0141asku-Kolumnie przy\u00a0\u0141\u0105cznej 1.<\/p>\n<p>Od 19 pa\u017adziernika 2015 roku mamy status organizacji po\u017cytku publicznego.<\/p>\n","protected":false},"excerpt":{"rendered":"<p>Stowarzyszenie Amazonek \u0141ask-Kolumna istnieje od 2004 roku. Pierwszym jego prezesem by\u0142a Otylia Pietrasiak, kt\u00f3ra funkcj\u0119 t\u0119 sprawowa\u0142a do 2008 roku.\u00a0Potem kr\u00f3tko funkcj\u0119 prezesa pe\u0142ni\u0142a\u00a0 Mariola Bobrycka, nast\u0119pnie Gra\u017cyna Wyr\u0119bska. Od 2010 roku prezesem jest Gra\u017cyna \u015aled\u017a. W dniu 14 kwietnia 2016 roku odby\u0142o si\u0119 walne zebranie sprawozdawczo-wyborcze, na kt\u00f3rym wybrano nowy zarz\u0105d. Aktualny sk\u0142ad zarz\u0105du stowarzyszenia; Prezes \u2013 Gra\u017cyna \u015aled\u017a Wiceprezes \u2013 Jolanta Ku\u015bmirowska Sekretarz \u2013 Ewa Du\u0144ska-Stemplewska Skarbnik \u2013 Wies\u0142awa Lider Cz\u0142onek zarz\u0105du\u00a0\u2013 El\u017cbieta Kasprzykowska Od 2004 r. do 2015 r. siedziba Stowarzyszenia mie\u015bci\u0142a si\u0119 w \u0141asku-Kolumnie przy ul. \u015al\u0105skiej 3. Od roku 2015\u00a0\u00a0\u00a0 mamy now\u0105 siedzib\u0119 w Przedszkolu [&hellip;]<\/p>\n","protected":false},"author":4,"featured_media":0,"parent":0,"menu_order":0,"comment_status":"closed","ping_status":"closed","template":"","meta":{"footnotes":""},"class_list":["post-15","page","type-page","status-publish","hentry","wpbf-post"],"yoast_head":"<!-- This site is optimized with the Yoast SEO plugin v26.8 - https:\/\/yoast.com\/product\/yoast-seo-wordpress\/ -->\n<title>Historia - Stowarzyszenie Amazonek \u0141ask-Kolumna<\/title>\n<meta name=\"robots\" content=\"index, follow, max-snippet:-1, max-image-preview:large, max-video-preview:-1\" \/>\n<link rel=\"canonical\" href=\"https:\/\/amazonkikolumna.pl\/index.php\/historia\/\" \/>\n<meta property=\"og:locale\" content=\"pl_PL\" \/>\n<meta property=\"og:type\" content=\"article\" \/>\n<meta property=\"og:title\" content=\"Historia - Stowarzyszenie Amazonek \u0141ask-Kolumna\" \/>\n<meta property=\"og:description\" content=\"Stowarzyszenie Amazonek \u0141ask-Kolumna istnieje od 2004 roku. Pierwszym jego prezesem by\u0142a Otylia Pietrasiak, kt\u00f3ra funkcj\u0119 t\u0119 sprawowa\u0142a do 2008 roku.\u00a0Potem kr\u00f3tko funkcj\u0119 prezesa pe\u0142ni\u0142a\u00a0 Mariola Bobrycka, nast\u0119pnie Gra\u017cyna Wyr\u0119bska. Od 2010 roku prezesem jest Gra\u017cyna \u015aled\u017a. W dniu 14 kwietnia 2016 roku odby\u0142o si\u0119 walne zebranie sprawozdawczo-wyborcze, na kt\u00f3rym wybrano nowy zarz\u0105d. Aktualny sk\u0142ad zarz\u0105du stowarzyszenia; Prezes \u2013 Gra\u017cyna \u015aled\u017a Wiceprezes \u2013 Jolanta Ku\u015bmirowska Sekretarz \u2013 Ewa Du\u0144ska-Stemplewska Skarbnik \u2013 Wies\u0142awa Lider Cz\u0142onek zarz\u0105du\u00a0\u2013 El\u017cbieta Kasprzykowska Od 2004 r. do 2015 r. siedziba Stowarzyszenia mie\u015bci\u0142a si\u0119 w \u0141asku-Kolumnie przy ul. \u015al\u0105skiej 3. Od roku 2015\u00a0\u00a0\u00a0 mamy now\u0105 siedzib\u0119 w Przedszkolu [&hellip;]\" \/>\n<meta property=\"og:url\" content=\"https:\/\/amazonkikolumna.pl\/index.php\/historia\/\" \/>\n<meta property=\"og:site_name\" content=\"Stowarzyszenie Amazonek \u0141ask-Kolumna\" \/>\n<meta property=\"article:modified_time\" content=\"2016-04-28T18:44:11+00:00\" \/>\n<meta name=\"twitter:card\" content=\"summary_large_image\" \/>\n<meta name=\"twitter:label1\" content=\"Szacowany czas czytania\" \/>\n\t<meta name=\"twitter:data1\" content=\"1 minuta\" \/>\n<script type=\"application\/ld+json\" class=\"yoast-schema-graph\">{\"@context\":\"https:\/\/schema.org\",\"@graph\":[{\"@type\":\"WebPage\",\"@id\":\"https:\/\/amazonkikolumna.pl\/index.php\/historia\/\",\"url\":\"https:\/\/amazonkikolumna.pl\/index.php\/historia\/\",\"name\":\"Historia - Stowarzyszenie Amazonek \u0141ask-Kolumna\",\"isPartOf\":{\"@id\":\"https:\/\/amazonkikolumna.pl\/#website\"},\"datePublished\":\"2016-03-14T15:30:45+00:00\",\"dateModified\":\"2016-04-28T18:44:11+00:00\",\"breadcrumb\":{\"@id\":\"https:\/\/amazonkikolumna.pl\/index.php\/historia\/#breadcrumb\"},\"inLanguage\":\"pl-PL\",\"potentialAction\":[{\"@type\":\"ReadAction\",\"target\":[\"https:\/\/amazonkikolumna.pl\/index.php\/historia\/\"]}]},{\"@type\":\"BreadcrumbList\",\"@id\":\"https:\/\/amazonkikolumna.pl\/index.php\/historia\/#breadcrumb\",\"itemListElement\":[{\"@type\":\"ListItem\",\"position\":1,\"name\":\"Strona g\u0142\u00f3wna\",\"item\":\"https:\/\/amazonkikolumna.pl\/\"},{\"@type\":\"ListItem\",\"position\":2,\"name\":\"Historia\"}]},{\"@type\":\"WebSite\",\"@id\":\"https:\/\/amazonkikolumna.pl\/#website\",\"url\":\"https:\/\/amazonkikolumna.pl\/\",\"name\":\"Stowarzyszenie Amazonek \u0141ask-Kolumna\",\"description\":\"\u201eCz\u0142owiek jest wielki nie przez to, co ma, nie przez to kim jest, lecz przez to, czym dzieli si\u0119 z innymi\u201d Jan Pawe\u0142 II\",\"publisher\":{\"@id\":\"https:\/\/amazonkikolumna.pl\/#organization\"},\"potentialAction\":[{\"@type\":\"SearchAction\",\"target\":{\"@type\":\"EntryPoint\",\"urlTemplate\":\"https:\/\/amazonkikolumna.pl\/?s={search_term_string}\"},\"query-input\":{\"@type\":\"PropertyValueSpecification\",\"valueRequired\":true,\"valueName\":\"search_term_string\"}}],\"inLanguage\":\"pl-PL\"},{\"@type\":\"Organization\",\"@id\":\"https:\/\/amazonkikolumna.pl\/#organization\",\"name\":\"Stowarzyszenie Amazonek \u0141ask-Kolumna\",\"url\":\"https:\/\/amazonkikolumna.pl\/\",\"logo\":{\"@type\":\"ImageObject\",\"inLanguage\":\"pl-PL\",\"@id\":\"https:\/\/amazonkikolumna.pl\/#\/schema\/logo\/image\/\",\"url\":\"https:\/\/amazonkikolumna.pl\/wp-content\/uploads\/2016\/03\/logo_federacja_header.gif\",\"contentUrl\":\"https:\/\/amazonkikolumna.pl\/wp-content\/uploads\/2016\/03\/logo_federacja_header.gif\",\"width\":94,\"height\":93,\"caption\":\"Stowarzyszenie Amazonek \u0141ask-Kolumna\"},\"image\":{\"@id\":\"https:\/\/amazonkikolumna.pl\/#\/schema\/logo\/image\/\"}}]}<\/script>\n<!-- \/ Yoast SEO plugin. -->","yoast_head_json":{"title":"Historia - Stowarzyszenie Amazonek \u0141ask-Kolumna","robots":{"index":"index","follow":"follow","max-snippet":"max-snippet:-1","max-image-preview":"max-image-preview:large","max-video-preview":"max-video-preview:-1"},"canonical":"https:\/\/amazonkikolumna.pl\/index.php\/historia\/","og_locale":"pl_PL","og_type":"article","og_title":"Historia - Stowarzyszenie Amazonek \u0141ask-Kolumna","og_description":"Stowarzyszenie Amazonek \u0141ask-Kolumna istnieje od 2004 roku. Pierwszym jego prezesem by\u0142a Otylia Pietrasiak, kt\u00f3ra funkcj\u0119 t\u0119 sprawowa\u0142a do 2008 roku.\u00a0Potem kr\u00f3tko funkcj\u0119 prezesa pe\u0142ni\u0142a\u00a0 Mariola Bobrycka, nast\u0119pnie Gra\u017cyna Wyr\u0119bska. Od 2010 roku prezesem jest Gra\u017cyna \u015aled\u017a. W dniu 14 kwietnia 2016 roku odby\u0142o si\u0119 walne zebranie sprawozdawczo-wyborcze, na kt\u00f3rym wybrano nowy zarz\u0105d. Aktualny sk\u0142ad zarz\u0105du stowarzyszenia; Prezes \u2013 Gra\u017cyna \u015aled\u017a Wiceprezes \u2013 Jolanta Ku\u015bmirowska Sekretarz \u2013 Ewa Du\u0144ska-Stemplewska Skarbnik \u2013 Wies\u0142awa Lider Cz\u0142onek zarz\u0105du\u00a0\u2013 El\u017cbieta Kasprzykowska Od 2004 r. do 2015 r. siedziba Stowarzyszenia mie\u015bci\u0142a si\u0119 w \u0141asku-Kolumnie przy ul. \u015al\u0105skiej 3. Od roku 2015\u00a0\u00a0\u00a0 mamy now\u0105 siedzib\u0119 w Przedszkolu [&hellip;]","og_url":"https:\/\/amazonkikolumna.pl\/index.php\/historia\/","og_site_name":"Stowarzyszenie Amazonek \u0141ask-Kolumna","article_modified_time":"2016-04-28T18:44:11+00:00","twitter_card":"summary_large_image","twitter_misc":{"Szacowany czas czytania":"1 minuta"},"schema":{"@context":"https:\/\/schema.org","@graph":[{"@type":"WebPage","@id":"https:\/\/amazonkikolumna.pl\/index.php\/historia\/","url":"https:\/\/amazonkikolumna.pl\/index.php\/historia\/","name":"Historia - Stowarzyszenie Amazonek \u0141ask-Kolumna","isPartOf":{"@id":"https:\/\/amazonkikolumna.pl\/#website"},"datePublished":"2016-03-14T15:30:45+00:00","dateModified":"2016-04-28T18:44:11+00:00","breadcrumb":{"@id":"https:\/\/amazonkikolumna.pl\/index.php\/historia\/#breadcrumb"},"inLanguage":"pl-PL","potentialAction":[{"@type":"ReadAction","target":["https:\/\/amazonkikolumna.pl\/index.php\/historia\/"]}]},{"@type":"BreadcrumbList","@id":"https:\/\/amazonkikolumna.pl\/index.php\/historia\/#breadcrumb","itemListElement":[{"@type":"ListItem","position":1,"name":"Strona g\u0142\u00f3wna","item":"https:\/\/amazonkikolumna.pl\/"},{"@type":"ListItem","position":2,"name":"Historia"}]},{"@type":"WebSite","@id":"https:\/\/amazonkikolumna.pl\/#website","url":"https:\/\/amazonkikolumna.pl\/","name":"Stowarzyszenie Amazonek \u0141ask-Kolumna","description":"\u201eCz\u0142owiek jest wielki nie przez to, co ma, nie przez to kim jest, lecz przez to, czym dzieli si\u0119 z innymi\u201d Jan Pawe\u0142 II","publisher":{"@id":"https:\/\/amazonkikolumna.pl\/#organization"},"potentialAction":[{"@type":"SearchAction","target":{"@type":"EntryPoint","urlTemplate":"https:\/\/amazonkikolumna.pl\/?s={search_term_string}"},"query-input":{"@type":"PropertyValueSpecification","valueRequired":true,"valueName":"search_term_string"}}],"inLanguage":"pl-PL"},{"@type":"Organization","@id":"https:\/\/amazonkikolumna.pl\/#organization","name":"Stowarzyszenie Amazonek \u0141ask-Kolumna","url":"https:\/\/amazonkikolumna.pl\/","logo":{"@type":"ImageObject","inLanguage":"pl-PL","@id":"https:\/\/amazonkikolumna.pl\/#\/schema\/logo\/image\/","url":"https:\/\/amazonkikolumna.pl\/wp-content\/uploads\/2016\/03\/logo_federacja_header.gif","contentUrl":"https:\/\/amazonkikolumna.pl\/wp-content\/uploads\/2016\/03\/logo_federacja_header.gif","width":94,"height":93,"caption":"Stowarzyszenie Amazonek \u0141ask-Kolumna"},"image":{"@id":"https:\/\/amazonkikolumna.pl\/#\/schema\/logo\/image\/"}}]}},"_links":{"self":[{"href":"https:\/\/amazonkikolumna.pl\/index.php\/wp-json\/wp\/v2\/pages\/15","targetHints":{"allow":["GET"]}}],"collection":[{"href":"https:\/\/amazonkikolumna.pl\/index.php\/wp-json\/wp\/v2\/pages"}],"about":[{"href":"https:\/\/amazonkikolumna.pl\/index.php\/wp-json\/wp\/v2\/types\/page"}],"author":[{"embeddable":true,"href":"https:\/\/amazonkikolumna.pl\/index.php\/wp-json\/wp\/v2\/users\/4"}],"replies":[{"embeddable":true,"href":"https:\/\/amazonkikolumna.pl\/index.php\/wp-json\/wp\/v2\/comments?post=15"}],"version-history":[{"count":4,"href":"https:\/\/amazonkikolumna.pl\/index.php\/wp-json\/wp\/v2\/pages\/15\/revisions"}],"predecessor-version":[{"id":76,"href":"https:\/\/amazonkikolumna.pl\/index.php\/wp-json\/wp\/v2\/pages\/15\/revisions\/76"}],"wp:attachment":[{"href":"https:\/\/amazonkikolumna.pl\/index.php\/wp-json\/wp\/v2\/media?parent=15"}],"curies":[{"name":"wp","href":"https:\/\/api.w.org\/{rel}","templated":true}]}}