{"id":2,"date":"2016-02-19T12:45:48","date_gmt":"2016-02-19T11:45:48","guid":{"rendered":"https:\/\/amazonkikolumna.pl\/?page_id=2"},"modified":"2023-05-24T17:08:28","modified_gmt":"2023-05-24T15:08:28","slug":"o-nas","status":"publish","type":"page","link":"https:\/\/amazonkikolumna.pl\/index.php\/o-nas\/","title":{"rendered":"Witamy na stronie Stowarzyszenia Amazonek \u0141ask-Kolumna"},"content":{"rendered":"<p>Stowarzyszenie Amazonek \u0141ask-Kolumna jest organizacj\u0105 samopomocow\u0105, niemedyczn\u0105, s\u0142u\u017c\u0105c\u0105 wsparciem psychicznym i pomoc\u0105 praktyczna osobom dotkni\u0119tym rakiem piersi.<\/p>\n<p>Celem\u00a0 dzia\u0142ania Stowarzyszenia jest reprezentowanie interes\u00f3w os\u00f3b po leczeniu raka piersi,\u00a0pe\u0142na rehabilitacja psychofizyczna, dzia\u0142ania integruj\u0105ce \u015brodowisko lokalne miasta i powiatu \u0141ask,\u00a0a tak\u017ce dzia\u0142ania na rzecz\u00a0 os\u00f3b niepe\u0142nosprawnych.<\/p>\n<p>Stowarzyszenie jest cz\u0142onkiem Federacji Stowarzysze\u0144 \u201eAmazonki\u201d.<\/p>\n<figure id=\"attachment_719\" aria-describedby=\"caption-attachment-719\" style=\"width: 98px\" class=\"wp-caption alignright\"><a href=\"https:\/\/www.facebook.com\/laskieamazonki\"><img decoding=\"async\" class=\" wp-image-719\" src=\"https:\/\/amazonkikolumna.pl\/wp-content\/uploads\/2023\/05\/fb_logo-300x300.png\" alt=\"odno\u015bnik do facebook\" width=\"98\" height=\"98\" srcset=\"https:\/\/amazonkikolumna.pl\/wp-content\/uploads\/2023\/05\/fb_logo-300x300.png 300w, https:\/\/amazonkikolumna.pl\/wp-content\/uploads\/2023\/05\/fb_logo-150x150.png 150w, https:\/\/amazonkikolumna.pl\/wp-content\/uploads\/2023\/05\/fb_logo.png 512w\" sizes=\"(max-width: 98px) 100vw, 98px\" \/><\/a><figcaption id=\"caption-attachment-719\" class=\"wp-caption-text\">Znajd\u017a nas na Facebooku<\/figcaption><\/figure>\n<p>NIP\u00a0\u00a0\u00a0\u00a0\u00a0\u00a0\u00a0\u00a0\u00a0\u00a0 831 161 76 52<\/p>\n<p>REGON\u00a0\u00a0 100828316<br \/>\nKRS\u00a0\u00a0\u00a0\u00a0\u00a0\u00a0\u00a0\u00a0\u00a0 0000346625<br \/>\nBank Sp\u00f3\u0142dzielczy w Podd\u0119bicach\u00a0 O\/\u0141ask\u00a0 nr 90 9263 0000 0500 9590 2005 0001<\/p>\n<p>Stowarzyszenie Amazonek \u0141ask-Kolumna ma status organizacji po\u017cytku publicznego.<\/p>\n","protected":false},"excerpt":{"rendered":"<p>Stowarzyszenie Amazonek \u0141ask-Kolumna jest organizacj\u0105 samopomocow\u0105, niemedyczn\u0105, s\u0142u\u017c\u0105c\u0105 wsparciem psychicznym i pomoc\u0105 praktyczna osobom dotkni\u0119tym rakiem piersi. Celem\u00a0 dzia\u0142ania Stowarzyszenia jest reprezentowanie interes\u00f3w os\u00f3b po leczeniu raka piersi,\u00a0pe\u0142na rehabilitacja psychofizyczna, dzia\u0142ania integruj\u0105ce \u015brodowisko lokalne miasta i powiatu \u0141ask,\u00a0a tak\u017ce dzia\u0142ania na rzecz\u00a0 os\u00f3b niepe\u0142nosprawnych. Stowarzyszenie jest cz\u0142onkiem Federacji Stowarzysze\u0144 \u201eAmazonki\u201d. NIP\u00a0\u00a0\u00a0\u00a0\u00a0\u00a0\u00a0\u00a0\u00a0\u00a0 831 161 76 52 REGON\u00a0\u00a0 100828316 KRS\u00a0\u00a0\u00a0\u00a0\u00a0\u00a0\u00a0\u00a0\u00a0 0000346625 Bank Sp\u00f3\u0142dzielczy w Podd\u0119bicach\u00a0 O\/\u0141ask\u00a0 nr 90 9263 0000 0500 9590 2005 0001 Stowarzyszenie Amazonek \u0141ask-Kolumna ma status organizacji po\u017cytku publicznego.<\/p>\n","protected":false},"author":4,"featured_media":0,"parent":0,"menu_order":0,"comment_status":"closed","ping_status":"closed","template":"","meta":{"footnotes":""},"class_list":["post-2","page","type-page","status-publish","hentry","wpbf-post"],"yoast_head":"<!-- This site is optimized with the Yoast SEO plugin v26.8 - https:\/\/yoast.com\/product\/yoast-seo-wordpress\/ -->\n<title>Witamy na stronie Stowarzyszenia Amazonek \u0141ask-Kolumna - Stowarzyszenie Amazonek \u0141ask-Kolumna<\/title>\n<meta name=\"robots\" content=\"index, follow, max-snippet:-1, max-image-preview:large, max-video-preview:-1\" \/>\n<link rel=\"canonical\" href=\"https:\/\/amazonkikolumna.pl\/index.php\/o-nas\/\" \/>\n<meta property=\"og:locale\" content=\"pl_PL\" \/>\n<meta property=\"og:type\" content=\"article\" \/>\n<meta property=\"og:title\" content=\"Witamy na stronie Stowarzyszenia Amazonek \u0141ask-Kolumna - Stowarzyszenie Amazonek \u0141ask-Kolumna\" \/>\n<meta property=\"og:description\" content=\"Stowarzyszenie Amazonek \u0141ask-Kolumna jest organizacj\u0105 samopomocow\u0105, niemedyczn\u0105, s\u0142u\u017c\u0105c\u0105 wsparciem psychicznym i pomoc\u0105 praktyczna osobom dotkni\u0119tym rakiem piersi. Celem\u00a0 dzia\u0142ania Stowarzyszenia jest reprezentowanie interes\u00f3w os\u00f3b po leczeniu raka piersi,\u00a0pe\u0142na rehabilitacja psychofizyczna, dzia\u0142ania integruj\u0105ce \u015brodowisko lokalne miasta i powiatu \u0141ask,\u00a0a tak\u017ce dzia\u0142ania na rzecz\u00a0 os\u00f3b niepe\u0142nosprawnych. Stowarzyszenie jest cz\u0142onkiem Federacji Stowarzysze\u0144 \u201eAmazonki\u201d. NIP\u00a0\u00a0\u00a0\u00a0\u00a0\u00a0\u00a0\u00a0\u00a0\u00a0 831 161 76 52 REGON\u00a0\u00a0 100828316 KRS\u00a0\u00a0\u00a0\u00a0\u00a0\u00a0\u00a0\u00a0\u00a0 0000346625 Bank Sp\u00f3\u0142dzielczy w Podd\u0119bicach\u00a0 O\/\u0141ask\u00a0 nr 90 9263 0000 0500 9590 2005 0001 Stowarzyszenie Amazonek \u0141ask-Kolumna ma status organizacji po\u017cytku publicznego.\" \/>\n<meta property=\"og:url\" content=\"https:\/\/amazonkikolumna.pl\/index.php\/o-nas\/\" \/>\n<meta property=\"og:site_name\" content=\"Stowarzyszenie Amazonek \u0141ask-Kolumna\" \/>\n<meta property=\"article:modified_time\" content=\"2023-05-24T15:08:28+00:00\" \/>\n<meta property=\"og:image\" content=\"https:\/\/amazonkikolumna.pl\/wp-content\/uploads\/2023\/05\/fb_logo-300x300.png\" \/>\n<meta name=\"twitter:card\" content=\"summary_large_image\" \/>\n<meta name=\"twitter:label1\" content=\"Szacowany czas czytania\" \/>\n\t<meta name=\"twitter:data1\" content=\"1 minuta\" \/>\n<script type=\"application\/ld+json\" class=\"yoast-schema-graph\">{\"@context\":\"https:\/\/schema.org\",\"@graph\":[{\"@type\":\"WebPage\",\"@id\":\"https:\/\/amazonkikolumna.pl\/index.php\/o-nas\/\",\"url\":\"https:\/\/amazonkikolumna.pl\/index.php\/o-nas\/\",\"name\":\"Witamy na stronie Stowarzyszenia Amazonek \u0141ask-Kolumna - Stowarzyszenie Amazonek \u0141ask-Kolumna\",\"isPartOf\":{\"@id\":\"https:\/\/amazonkikolumna.pl\/#website\"},\"primaryImageOfPage\":{\"@id\":\"https:\/\/amazonkikolumna.pl\/index.php\/o-nas\/#primaryimage\"},\"image\":{\"@id\":\"https:\/\/amazonkikolumna.pl\/index.php\/o-nas\/#primaryimage\"},\"thumbnailUrl\":\"https:\/\/amazonkikolumna.pl\/wp-content\/uploads\/2023\/05\/fb_logo-300x300.png\",\"datePublished\":\"2016-02-19T11:45:48+00:00\",\"dateModified\":\"2023-05-24T15:08:28+00:00\",\"breadcrumb\":{\"@id\":\"https:\/\/amazonkikolumna.pl\/index.php\/o-nas\/#breadcrumb\"},\"inLanguage\":\"pl-PL\",\"potentialAction\":[{\"@type\":\"ReadAction\",\"target\":[\"https:\/\/amazonkikolumna.pl\/index.php\/o-nas\/\"]}]},{\"@type\":\"ImageObject\",\"inLanguage\":\"pl-PL\",\"@id\":\"https:\/\/amazonkikolumna.pl\/index.php\/o-nas\/#primaryimage\",\"url\":\"https:\/\/amazonkikolumna.pl\/wp-content\/uploads\/2023\/05\/fb_logo.png\",\"contentUrl\":\"https:\/\/amazonkikolumna.pl\/wp-content\/uploads\/2023\/05\/fb_logo.png\",\"width\":512,\"height\":512,\"caption\":\"Znajd\u017a nas na Facebooku\"},{\"@type\":\"BreadcrumbList\",\"@id\":\"https:\/\/amazonkikolumna.pl\/index.php\/o-nas\/#breadcrumb\",\"itemListElement\":[{\"@type\":\"ListItem\",\"position\":1,\"name\":\"Strona g\u0142\u00f3wna\",\"item\":\"https:\/\/amazonkikolumna.pl\/\"},{\"@type\":\"ListItem\",\"position\":2,\"name\":\"Witamy na stronie Stowarzyszenia Amazonek \u0141ask-Kolumna\"}]},{\"@type\":\"WebSite\",\"@id\":\"https:\/\/amazonkikolumna.pl\/#website\",\"url\":\"https:\/\/amazonkikolumna.pl\/\",\"name\":\"Stowarzyszenie Amazonek \u0141ask-Kolumna\",\"description\":\"\u201eCz\u0142owiek jest wielki nie przez to, co ma, nie przez to kim jest, lecz przez to, czym dzieli si\u0119 z innymi\u201d Jan Pawe\u0142 II\",\"publisher\":{\"@id\":\"https:\/\/amazonkikolumna.pl\/#organization\"},\"potentialAction\":[{\"@type\":\"SearchAction\",\"target\":{\"@type\":\"EntryPoint\",\"urlTemplate\":\"https:\/\/amazonkikolumna.pl\/?s={search_term_string}\"},\"query-input\":{\"@type\":\"PropertyValueSpecification\",\"valueRequired\":true,\"valueName\":\"search_term_string\"}}],\"inLanguage\":\"pl-PL\"},{\"@type\":\"Organization\",\"@id\":\"https:\/\/amazonkikolumna.pl\/#organization\",\"name\":\"Stowarzyszenie Amazonek \u0141ask-Kolumna\",\"url\":\"https:\/\/amazonkikolumna.pl\/\",\"logo\":{\"@type\":\"ImageObject\",\"inLanguage\":\"pl-PL\",\"@id\":\"https:\/\/amazonkikolumna.pl\/#\/schema\/logo\/image\/\",\"url\":\"https:\/\/amazonkikolumna.pl\/wp-content\/uploads\/2016\/03\/logo_federacja_header.gif\",\"contentUrl\":\"https:\/\/amazonkikolumna.pl\/wp-content\/uploads\/2016\/03\/logo_federacja_header.gif\",\"width\":94,\"height\":93,\"caption\":\"Stowarzyszenie Amazonek \u0141ask-Kolumna\"},\"image\":{\"@id\":\"https:\/\/amazonkikolumna.pl\/#\/schema\/logo\/image\/\"}}]}<\/script>\n<!-- \/ Yoast SEO plugin. -->","yoast_head_json":{"title":"Witamy na stronie Stowarzyszenia Amazonek \u0141ask-Kolumna - Stowarzyszenie Amazonek \u0141ask-Kolumna","robots":{"index":"index","follow":"follow","max-snippet":"max-snippet:-1","max-image-preview":"max-image-preview:large","max-video-preview":"max-video-preview:-1"},"canonical":"https:\/\/amazonkikolumna.pl\/index.php\/o-nas\/","og_locale":"pl_PL","og_type":"article","og_title":"Witamy na stronie Stowarzyszenia Amazonek \u0141ask-Kolumna - Stowarzyszenie Amazonek \u0141ask-Kolumna","og_description":"Stowarzyszenie Amazonek \u0141ask-Kolumna jest organizacj\u0105 samopomocow\u0105, niemedyczn\u0105, s\u0142u\u017c\u0105c\u0105 wsparciem psychicznym i pomoc\u0105 praktyczna osobom dotkni\u0119tym rakiem piersi. Celem\u00a0 dzia\u0142ania Stowarzyszenia jest reprezentowanie interes\u00f3w os\u00f3b po leczeniu raka piersi,\u00a0pe\u0142na rehabilitacja psychofizyczna, dzia\u0142ania integruj\u0105ce \u015brodowisko lokalne miasta i powiatu \u0141ask,\u00a0a tak\u017ce dzia\u0142ania na rzecz\u00a0 os\u00f3b niepe\u0142nosprawnych. Stowarzyszenie jest cz\u0142onkiem Federacji Stowarzysze\u0144 \u201eAmazonki\u201d. NIP\u00a0\u00a0\u00a0\u00a0\u00a0\u00a0\u00a0\u00a0\u00a0\u00a0 831 161 76 52 REGON\u00a0\u00a0 100828316 KRS\u00a0\u00a0\u00a0\u00a0\u00a0\u00a0\u00a0\u00a0\u00a0 0000346625 Bank Sp\u00f3\u0142dzielczy w Podd\u0119bicach\u00a0 O\/\u0141ask\u00a0 nr 90 9263 0000 0500 9590 2005 0001 Stowarzyszenie Amazonek \u0141ask-Kolumna ma status organizacji po\u017cytku publicznego.","og_url":"https:\/\/amazonkikolumna.pl\/index.php\/o-nas\/","og_site_name":"Stowarzyszenie Amazonek \u0141ask-Kolumna","article_modified_time":"2023-05-24T15:08:28+00:00","og_image":[{"url":"https:\/\/amazonkikolumna.pl\/wp-content\/uploads\/2023\/05\/fb_logo-300x300.png","type":"","width":"","height":""}],"twitter_card":"summary_large_image","twitter_misc":{"Szacowany czas czytania":"1 minuta"},"schema":{"@context":"https:\/\/schema.org","@graph":[{"@type":"WebPage","@id":"https:\/\/amazonkikolumna.pl\/index.php\/o-nas\/","url":"https:\/\/amazonkikolumna.pl\/index.php\/o-nas\/","name":"Witamy na stronie Stowarzyszenia Amazonek \u0141ask-Kolumna - Stowarzyszenie Amazonek \u0141ask-Kolumna","isPartOf":{"@id":"https:\/\/amazonkikolumna.pl\/#website"},"primaryImageOfPage":{"@id":"https:\/\/amazonkikolumna.pl\/index.php\/o-nas\/#primaryimage"},"image":{"@id":"https:\/\/amazonkikolumna.pl\/index.php\/o-nas\/#primaryimage"},"thumbnailUrl":"https:\/\/amazonkikolumna.pl\/wp-content\/uploads\/2023\/05\/fb_logo-300x300.png","datePublished":"2016-02-19T11:45:48+00:00","dateModified":"2023-05-24T15:08:28+00:00","breadcrumb":{"@id":"https:\/\/amazonkikolumna.pl\/index.php\/o-nas\/#breadcrumb"},"inLanguage":"pl-PL","potentialAction":[{"@type":"ReadAction","target":["https:\/\/amazonkikolumna.pl\/index.php\/o-nas\/"]}]},{"@type":"ImageObject","inLanguage":"pl-PL","@id":"https:\/\/amazonkikolumna.pl\/index.php\/o-nas\/#primaryimage","url":"https:\/\/amazonkikolumna.pl\/wp-content\/uploads\/2023\/05\/fb_logo.png","contentUrl":"https:\/\/amazonkikolumna.pl\/wp-content\/uploads\/2023\/05\/fb_logo.png","width":512,"height":512,"caption":"Znajd\u017a nas na Facebooku"},{"@type":"BreadcrumbList","@id":"https:\/\/amazonkikolumna.pl\/index.php\/o-nas\/#breadcrumb","itemListElement":[{"@type":"ListItem","position":1,"name":"Strona g\u0142\u00f3wna","item":"https:\/\/amazonkikolumna.pl\/"},{"@type":"ListItem","position":2,"name":"Witamy na stronie Stowarzyszenia Amazonek \u0141ask-Kolumna"}]},{"@type":"WebSite","@id":"https:\/\/amazonkikolumna.pl\/#website","url":"https:\/\/amazonkikolumna.pl\/","name":"Stowarzyszenie Amazonek \u0141ask-Kolumna","description":"\u201eCz\u0142owiek jest wielki nie przez to, co ma, nie przez to kim jest, lecz przez to, czym dzieli si\u0119 z innymi\u201d Jan Pawe\u0142 II","publisher":{"@id":"https:\/\/amazonkikolumna.pl\/#organization"},"potentialAction":[{"@type":"SearchAction","target":{"@type":"EntryPoint","urlTemplate":"https:\/\/amazonkikolumna.pl\/?s={search_term_string}"},"query-input":{"@type":"PropertyValueSpecification","valueRequired":true,"valueName":"search_term_string"}}],"inLanguage":"pl-PL"},{"@type":"Organization","@id":"https:\/\/amazonkikolumna.pl\/#organization","name":"Stowarzyszenie Amazonek \u0141ask-Kolumna","url":"https:\/\/amazonkikolumna.pl\/","logo":{"@type":"ImageObject","inLanguage":"pl-PL","@id":"https:\/\/amazonkikolumna.pl\/#\/schema\/logo\/image\/","url":"https:\/\/amazonkikolumna.pl\/wp-content\/uploads\/2016\/03\/logo_federacja_header.gif","contentUrl":"https:\/\/amazonkikolumna.pl\/wp-content\/uploads\/2016\/03\/logo_federacja_header.gif","width":94,"height":93,"caption":"Stowarzyszenie Amazonek \u0141ask-Kolumna"},"image":{"@id":"https:\/\/amazonkikolumna.pl\/#\/schema\/logo\/image\/"}}]}},"_links":{"self":[{"href":"https:\/\/amazonkikolumna.pl\/index.php\/wp-json\/wp\/v2\/pages\/2","targetHints":{"allow":["GET"]}}],"collection":[{"href":"https:\/\/amazonkikolumna.pl\/index.php\/wp-json\/wp\/v2\/pages"}],"about":[{"href":"https:\/\/amazonkikolumna.pl\/index.php\/wp-json\/wp\/v2\/types\/page"}],"author":[{"embeddable":true,"href":"https:\/\/amazonkikolumna.pl\/index.php\/wp-json\/wp\/v2\/users\/4"}],"replies":[{"embeddable":true,"href":"https:\/\/amazonkikolumna.pl\/index.php\/wp-json\/wp\/v2\/comments?post=2"}],"version-history":[{"count":18,"href":"https:\/\/amazonkikolumna.pl\/index.php\/wp-json\/wp\/v2\/pages\/2\/revisions"}],"predecessor-version":[{"id":731,"href":"https:\/\/amazonkikolumna.pl\/index.php\/wp-json\/wp\/v2\/pages\/2\/revisions\/731"}],"wp:attachment":[{"href":"https:\/\/amazonkikolumna.pl\/index.php\/wp-json\/wp\/v2\/media?parent=2"}],"curies":[{"name":"wp","href":"https:\/\/api.w.org\/{rel}","templated":true}]}}